ns digit of (-1)/210*-14 - 3047618/(-105)?
2
Let a(c) = -13*c**3 + 18*c**3 - 6*c**3 + 4 - 5*c**2 + 9*c. Let b be a(-6). What is the tens digit of 22/(-77) - 886/b?
6
Let r = 2255 - 1237. Suppose -n - 10*z + 487 = -6*z, -2*n + 3*z + r = 0. What is the tens digit of n?
0
Let o(i) = 484*i**2 - 7*i - 6. Let t(v) = v**3 - 2*v**2 - 7*v + 7. Let u be t(1). What is the tens digit of o(u)?
8
Let j = -327 - -329. What is the hundreds digit of 0 - j/(-13) - (-285670)/455?
6
Let g(i) = i + 12. Let s be g(-8). Suppose -4*c = -5*n + 2292 + 7, -4*n - s*c = -1868. What is the tens digit of n?
6
Let f(l) = 14*l - 24. Let d be f(15). Suppose q - 40 = d. Suppose -4*p = 3*o - 339, -3*o - 4*p = -5*o + q. What is the units digit of o?
3
Suppose -x = -2*f - 40104, -2*f - 5 = 7. What is the units digit of x?
2
Suppose -3*w + 3*z = -123, w - 34*z + 38*z = 56. What is the tens digit of (w/(-12))/(5/(-360))?
6
Let z(w) = -w**3 + 9*w**2 + 9*w + 13. Let b be z(10). What is the units digit of ((-6)/((-4)/(-2)))/(b/(-386))?
6
Let f(o) = -31*o - 22. Let w be 1252/10 + 20/25. Suppose -5*z - 161 = -w. What is the tens digit of f(z)?
9
What is the thousands digit of 6 - (3 - 3) - (-3580 - 76)?
3
Let i = -52 - -54. Suppose -2*a = 3*d + 78, -112 = -0*a + 3*a + i*d. Let x = a + 51. What is the tens digit of x?
1
Let i(b) = -2*b - 16. Let q(c) = c + 1. Let x(w) = i(w) + 3*q(w). Let v be x(16). What is the units digit of -1*((-12)/v + -33)?
7
Let y = -194 - -649. Suppose -10*w - y = -1215. Suppose w = 6*t - 320. What is the units digit of t?
6
Suppose 3*d = -3*x - 0*x + 39669, -5*x = 25. What is the hundreds digit of d?
2
Let p(i) = 15*i**2 - 76*i + 665. What is the tens digit of p(38)?
3
Let v(o) = -5*o**3 - 2*o**2 + 402*o - 97. What is the units digit of v(-22)?
1
Let t be (1970/(-2))/((-7 - -5)/16). Suppose 0 = 17*y + t - 25951. What is the tens digit of y?
6
Let u = 87 + -83. Suppose -2*l + k = -38 - 391, 0 = u*k - 12. What is the tens digit of l?
1
Suppose 0 = 5*x + c - 32, -3*x + 13 = -4*c + 3. Let m = 136 + -55. What is the tens digit of m/x - 7/(-14)?
1
Suppose -402325 = -65*n - 64*n + 8*n. What is the tens digit of n?
2
Let y(a) = 11*a**2 - 5*a + 7. Let c be y(2). Let s = c - 43. What is the tens digit of 22*(s/4 + 1)?
1
Let i(a) be the first derivative of -a**4/4 + a**3/3 + 106*a + 208. What is the hundreds digit of i(0)?
1
Suppose -616 = 8*w - 2128. Suppose w = -h + 240. What is the tens digit of h?
5
Suppose 0 = 52*f - 1155936 + 153158 + 8174. What is the ten thousands digit of f?
1
Suppose 7*o - 7391 - 14624 = 0. What is the thousands digit of o?
3
Let a(z) = -33*z + 8. Let l be a(-4). Suppose -4*y + 4*o + 98 = -42, 4*y + o = l. Let p = 84 - y. What is the units digit of p?
9
Suppose 0*d - p + 3619 = d, -4*p - 3599 = -d. What is the thousands digit of d?
3
Suppose x = 3*v + 66, v + 4 + 8 = -3*x. Let p be v/(-14) + (-18)/4. What is the units digit of 925/15 - 1/p?
2
Let d(u) be the second derivative of -319*u**3/3 - 9*u**2/2 - 2*u. Let n be d(-3). What is the units digit of 3/(-9)*n/(-5) - 2?
5
Let c = -4172 - -6412. What is the units digit of c?
0
Let m(g) = -4*g - 15 - 12*g - 2*g. Suppose 42*b = -12*b - 324. What is the units digit of m(b)?
3
Let a = -8423 - -12000. What is the tens digit of a?
7
Let q = -2009 + 2011. Let f(t) = 127*t + 16. Let j(a) = 42*a + 5. Let z(g) = -4*f(g) + 14*j(g). What is the hundreds digit of z(q)?
1
Suppose 166315 + 60869 = 16*a - 7712. What is the units digit of a?
1
Suppose 24*v = 58*v - 112336. Suppose -3*q = p - 3259, -5*q - 5*p + 2131 + v = 0. What is the thousands digit of q?
1
Let q = 9368 + -1654. Suppose q = 8*k + 2338. What is the tens digit of k?
7
Let k(x) = -534*x - 3. Let c be k(-2). Suppose 20 = 5*z - z, -3*p + c = 3*z. What is the units digit of p?
0
Let j(i) = -760*i - 72. Let h(f) = 117*f + 11. Let r(d) = 32*h(d) + 5*j(d). Let v be r(-5). Suppose v = 3*b - 22. What is the units digit of b?
8
What is the units digit of 21 + -12 - (12/14)/((-32)/2296672)?
7
Suppose -87 = 2*q - 9. Let i = 65 + q. Let x = 32 + i. What is the units digit of x?
8
Let x(v) = 9*v**2 - 11*v + 10. Let l be ((-76)/(-19))/(1 + (-1)/2). What is the hundreds digit of x(l)?
4
Let l = 23 + -20. Suppose -l*f - 8*f = -2596. What is the hundreds digit of f?
2
Suppose i = -3*b - 19 - 19, -b = -2*i - 62. Let s be (i/20)/((-10)/25). What is the hundreds digit of (0 - (-2 + 4))/(s/(-334))?
1
Suppose 3*g = -x + 27549, 2*x + 7451 = 3*g - 20089. What is the thousands digit of g?
9
What is the thousands digit of (-535248)/(-243)*(-11)/(11/(-6))?
3
Let y(c) = -c**3 + 3*c**2 + 7*c + 23551. What is the hundreds digit of y(0)?
5
What is the thousands digit of 3*8665 + ((-4640)/32)/29?
5
Suppose -86*l + 44910 = -76*l. What is the tens digit of l?
9
Suppose -n + 10 = 6. Let u be 4/(8 + -4) + n. What is the units digit of (6/(-9))/(u/(5895/(-6)))?
1
Suppose 0 = -90*m + 103*m - 94276. What is the tens digit of m?
5
Suppose 10 - 4 = 3*j. Let t be (3 - 3)/(-1*(j + -3)). Suppose -i = 2*i + 5*m - 74, t = i - m - 14. What is the units digit of i?
8
Let i = -28125 + 46254. What is the thousands digit of i?
8
Suppose 311*j = 320*j - 81. Let q(m) = m**3 - 3*m**2 - 13*m - 8. What is the hundreds digit of q(j)?
3
Let m be (4 - 1) + (-1)/3*0. Suppose -3*u = 4*t - 313, m*u - u - t = 227. Suppose -3*w - 26 + u = c, -2*w + 5*c + 34 = 0. What is the tens digit of w?
2
Let u = 100 - 100. Let g(c) = c**2 - 4*c + 100. What is the tens digit of g(u)?
0
What is the units digit of (-4)/20*-4297*(-3)/(18/(-30))?
7
Let c(j) = j**3 + 8 - 7 - 3*j**2 + 5*j**2 - 4*j. Let l be c(-3). Let z(h) = 2*h**3 - 5*h**2 + 7*h - 4. What is the tens digit of z(l)?
7
Let j be ((-6)/(-18))/(3/72). Let o be (0 + 1)*(j + -4 + -1). Suppose 32 = o*i + 8. What is the units digit of i?
8
Suppose 4*f + 54*z - 540 = 56*z, 0 = -f + 3*z + 130. Suppose -f*k + 2968 = -128*k. What is the tens digit of k?
7
Suppose 18 = 8*u - 30. Let l(x) = 21*x - 34. What is the units digit of l(u)?
2
Let p = -187 - -192. Suppose p*a - 2*o = 353, o + 228 - 17 = 3*a. What is the units digit of a?
9
Suppose 0 = 22*m + 5*m + 81. What is the hundreds digit of ((-1)/m)/(26/98826)?
2
Suppose 4395 = 13*o - 8*o. Suppose s + 861 = 3*y, -3*y - 2*s - 3*s = -o. Suppose y = 6*f - 4*f. What is the tens digit of f?
4
Let g(w) = 16*w + 3*w - 62 + 23*w + 22*w. What is the tens digit of g(16)?
6
Suppose 0 = -3*v - s + 120, -5*v = -s - 3*s - 200. Suppose v*j = 3*j + 37925. What is the units digit of j?
5
Suppose -5*x - 166 + 46 = 0. Let f be x/(-3) + -4 + 1. Suppose 5*u + 845 = f*r, -2*r - 3*u + 169 = -r. What is the hundreds digit of r?
1
Suppose -5*x + 309 = -8*x. Let m = -105 - x. What is the tens digit of (301 + (-2 - -3))*m/(-4)?
5
Let x be ((-20)/(-6))/((-42)/63). Let v(t) = -t**3 + 3*t**2 + 12. What is the hundreds digit of v(x)?
2
What is the ten thousands digit of (386*8 - (1 - -4))/((-8)/(-40))?
1
Let n(z) = z**3 + 17*z**2 - 2*z + 38. Let s be n(-11). Suppose 4*g = 562 + s. What is the units digit of g?
7
Suppose 525*g - 132*g - 9817926 = 0. What is the tens digit of g?
8
Let a(x) = 8*x**2 - 40*x + 45. Suppose -3*o = -2*m + 23, 7*o - 4*o = m - 10. What is the units digit of a(m)?
7
Let v(s) = -s**2 + 7*s + 8. Let n be -1*(3*10 - (7 - 9)). Let k = n - -36. What is the tens digit of v(k)?
2
Let t(b) = -2*b + 6. Let s be t(7). Let o be ((-51)/12 - -4) + 1118/s. Let q = 204 + o. What is the tens digit of q?
6
Let h(i) = -i**2 + 27*i - 22. Let m be h(22). Let x = m + -46. Let f = 66 - x. What is the units digit of f?
4
Let v = -96 + 66. Let n be (-91)/(-105) + (-4)/v. Suppose 2*k = d + n - 2, 3*d = 9. What is the units digit of k?
1
Let w(h) = h**2 + 4*h + 26. Let d be (2 - 2/4)*14/3. Let i be w(d). Let b = i - 6. What is the tens digit of b?
9
Suppose 0 = 5*p + 306 - 1436. Suppose 4*t + 105 = 3*b, 11*b - 2*t - 99 = 8*b. Suppose 29*a = b*a - p. What is the hundreds digit of a?
1
Let p = -4 + 4. Suppose p = -2*f - 6, 5*f + 6 = -t - 7. Suppose t*n + 7 - 27 = 0. What is the tens digit of n?
1
Let y(f) = 3627*f + 535. What is the thousands digit of y(11)?
0
Let f(r) be the second derivative of r**3/2 + 5*r**2/2 + 3*r - 3. Suppose 21 = o - 3. What is the tens digit of f(o)?
7
Let w be ((-6)/10 + (-10)/25)/1. What is the tens digit of (-7 + 5)*640/(-3 - w)?
4